 + 2*i = 52, 2*y - 20 = -4*i + 26. Calculate the remainder when 56 is divided by y.
27
Let l = -43 - -23. Let r = 42 - 71. Let n = l - r. Calculate the remainder when 17 is divided by n.
8
Suppose 0 = -4*l + p + 1190, -l - 4*l + 1494 = 2*p. What is the remainder when l is divided by 50?
48
Suppose -334 = -3*z - 4*f, 0 = -3*z + 2*f + 177 + 133. What is the remainder when z is divided by 10?
6
Suppose -8*i + 3*i = -350. Suppose 0*t + i = 5*t. Suppose -s = -w + 9, -6*w + 7*w + 5*s = -15. What is the remainder when t is divided by w?
4
Let u = -78 - -82. Suppose -410 = -u*m - 58. Calculate the remainder when m is divided by 24.
16
Let p(s) = -4*s + 81. What is the remainder when 201 is divided by p(7)?
42
Let v = 603 + -528. Calculate the remainder when 224 is divided by v.
74
Let s(n) = -n**2 + 4*n + 7. Suppose -24 = -2*q - 2*q. Let p be q - 3 - (-4 + 2). Calculate the remainder when s(p) is divided by 1.
0
Let k be 0/((2 - 1)*-2). Suppose -2*p + 2*g + 24 = k, 4*p - 3*g - 58 = -4*g. Let d = -1206 - -1231. What is the remainder when d is divided by p?
11
Suppose -2*r = 6 - 10. Suppose 0 = -r*g - 9 + 35. What is the remainder when 49 is divided by g?
10
Suppose 23*h + 6*h - 812 = 0. What is the remainder when h is divided by (4/6)/(3/36)?
4
Let d(r) = 8*r**2 - 2*r - 2. Let s be d(2). Let h = s + -23. Calculate the remainder when 6 is divided by h.
0
Suppose 5*r - 2*t - 30 = r, -25 = -4*r + 3*t. Calculate the remainder when 11 is divided by 29/5 + 2/r.
5
Let t = -68 + 71. Let m(q) = -q**2 + 17. Calculate the remainder when 12 is divided by m(t).
4
Suppose 0 = -4*u - 3*d + 931, 4*d - 521 = -2*u - 43. Suppose 5*z + 2*p - u = 0, 4*z - 2*p = -0*z + 194. What is the remainder when z is divided by 8?
7
Suppose -3*w - 7 = -9*y + 14*y, -5*w + 2*y = 22. Calculate the remainder when (3/3)/(-1) + (47 - w) is divided by 14.
8
Suppose -4*x + n = -5*x + 17, -4*n - 40 = -2*x. Calculate the remainder when 30 is divided by x.
12
Let l(c) = c**3 + 6*c**2 - 28*c + 2. Calculate the remainder when 230 is divided by l(-9).
10
Let z be (-5369)/(-65) + 4/10. Suppose z - 18 = a. What is the remainder when a is divided by 23?
19
Calculate the remainder when 21 + -24 - (-642)/2 is divided by 23.
19
Let p(m) = 3*m**3 + m**2 - 5*m + 66. What is the remainder when p(0) is divided by 22?
0
Suppose 3*z + 7 = 4*u, 2*z - 1 = 2*u - 3. Suppose 0*l - 2*l + 4*n + 8 = 0, -z*l = -2*n - 16. What is the remainder when 8 is divided by l?
2
Let c(z) = -7*z - 53. Let i(s) = -4*s + 4. Let x be i(-5). What is the remainder when c(-14) is divided by (1 - 1) + 0 + x?
21
Let p be ((-14)/(-2) + -2)/1. Suppose 65 = p*d - 0*d. Let a = d - -19. What is the remainder when a is divided by 11?
10
Let i = -9 + 66. Suppose 0 = 9*l - 209 - 61. Calculate the remainder when i is divided by l.
27
Let s be (0 + 0/1)/(-2). Suppose -3*m + 1 + 11 = s. Calculate the remainder when (-7 - -10)/(6/m) is divided by 1.
0
Let r(q) = -383*q - 140. What is the remainder when r(-5) is divided by 74?
73
Let v = -14 + 24. Let o(z) = -6*z + 105. Let k be o(16). Suppose k*r - v = 188. Calculate the remainder when r is divided by 6.
4
Let x(i) = 2*i**2 + 3*i + 4. Let c be x(-3). Suppose r + 5*t + c = t, -17 = 2*r + 5*t. What is the remainder when 55 is divided by 1 - r/((-4)/(-72))?
17
Let u = -2187 - -2359. What is the remainder when u is divided by 20?
12
Let g = -40 - -84. Suppose -4*o + 5 = 1, -h = -o - g. Let u = 42 - 30. What is the remainder when h is divided by u?
9
What is the remainder when (-2)/3 + (-51)/(-9) - -2 is divided by 2?
1
Suppose 33*n - 24 = 30*n. Let s(y) be the third derivative of y**4/24 - y**3/6 + y**2. What is the remainder when 25 is divided by s(n)?
4
Let c(g) = g**3 + 12*g**2 + 20*g + 51. What is the remainder when 254 is divided by c(-10)?
50
Let m(k) = 10*k**2 + 1. Let d(c) = c + 8. Let q be d(-10). Suppose 2*r = 3*z + 329, -r + 20*z = 16*z - 167. What is the remainder when r is divided by m(q)?
40
Let t = -38 - -42. Suppose -t*a - 235 = -9*a. Calculate the remainder when 91 is divided by a.
44
Suppose -13*t + 517 = -2*t. What is the remainder when t is divided by 18?
11
Let r = 76 + -16. Let z = -33 + r. Calculate the remainder when z is divided by (-4)/10 + 52/5.
7
Suppose 1029 = i + 2*z, 0*i + 5*i + 4*z = 5169. What is the remainder when i is divided by 65?
62
Suppose 0 = -0*z + 4*z - 40. Suppose 5*o + 110 + 470 = 3*r, 2*r - 3*o = 386. Suppose 4*t - r = -t. Calculate the remainder when t is divided by z.
8
Let z(l) = -l - 5. Let a be z(-5). Calculate the remainder when 45 is divided by -6*(-3 - 1) - a.
21
Let b be 0 + -1 + -1 + -7. Let t(k) = k**3 + 8*k**2 + 9*k - 11. Let o(d) = d**2 - d. Let c(q) = 2*o(q) + t(q). What is the remainder when c(b) is divided by 5?
2
Calculate the remainder when 332 is divided by (-9)/((14 + -13)*1/(-1)).
8
Suppose -2*f = 3*f - 35. Let i = 6 - -78. Suppose 4*k + 4*c - 93 = 5*c, 4*k = 4*c + i. What is the remainder when k is divided by f?
3
Let s(t) = -17*t - 1. Let a be s(2). Let d = -22 - a. Suppose -2*y + 105 = 5*v, -4*y + 99 = -2*y - v. Calculate the remainder when y is divided by d.
11
Let v(q) = q**2 - 15*q + 20. What is the remainder when 52 is divided by v(15)?
12
Suppose -2*s - s + 402 = 0. Let z = -132 + s. What is the remainder when 6 is divided by z?
0
Let s(j) = -j**3 + 18*j**2 + 20*j - 24. Let b be s(19). Let u be (-6)/33 - 756/(-44). Let r = u + b. Calculate the remainder when r is divided by 7.
5
Suppose -9*u - 672 = -23*u. What is the remainder when 322 is divided by u?
34
Suppose 0 = 2*n - n - v - 6, -2*n = 5*v - 40. Calculate the remainder when 22 is divided by n.
2
Suppose 4*i - 3*i - 85 = -2*c, -2*i - 5*c = -165. Let u = i - 34. What is the remainder when u is divided by 23?
15
Let v(z) = -z**3 + 4*z**2 + z + 4. Calculate the remainder when (-36)/45*(-245)/14 is divided by v(4).
6
Suppose 4*v - t + 0 - 12 = 0, v = 2*t + 10. What is the remainder when 2/6 + (-200)/(-30) is divided by v?
1
Calculate the remainder when 245 is divided by -4*(-155)/(-50)*-5.
59
Let g = -69 + 72. Suppose -2*v - 5 = -g*v, 5*t - v = 55. What is the remainder when 44 is divided by t?
8
Let g be (0/2)/4*-1*1. Suppose 0 = 3*k - u + 2*u - 235, g = -3*u + 12. What is the remainder when k is divided by 16?
13
Let w = 26 + -22. Suppose 4*i - i - 8 = -4*o, o + w = 0. Suppose 3*z = 27 + 48. Calculate the remainder when z is divided by i.
1
Calculate the remainder when 39 is divided by (8/(-6) - -1) + (-1508)/(-78).
1
Let f = 3 + -22. Let g = f + 7. What is the remainder when (-396)/3*6/g is divided by 17?
15
Suppose 11*x = -27 + 93. Let l = x + 26. Calculate the remainder when l is divided by 16.
0
Suppose -9 = -n - 3*f + 19, -f + 2 = 0. Calculate the remainder when 87 is divided by n.
21
Let t(l) = 117*l**2 + 3*l + 7. Calculate the remainder when t(-2) is divided by 47.
46
Let k = 206 - 203. What is the remainder when 96 is divided by k?
0
Let j(s) = -s - 3. Let k be j(-6). Suppose -k*w + 41 = -49. Calculate the remainder when 59 is divided by w.
29
Let h = 9 - -198. Calculate the remainder when h is divided by 21.
18
Let g = 17 - -8. Suppose -3*j + 4*j - 35 = 0. Calculate the remainder when (-10)/j + (-662)/(-14) is divided by g.
22
Let y be (6 - 2 - 7) + -3 + 12. Suppose y*h = -9 + 51. Calculate the remainder when 27 is divided by h.
6
What is the remainder when (1 - 2)/(4/1904*-4) is divided by 30?
29
Let f = 141 + -90. Suppose 0 = 2*t + 7 - f. Let k(c) = -c - 2. What is the remainder when t is divided by k(-8)?
4
Suppose u + 1 = 6. Suppose -18 = u*n - 3, -87 = -3*f - n. What is the remainder when 117 is divided by f?
27
Let f(m) = 2*m**3 - 6*m**2 + 4*m + 1. Let v(x) = x**3 - 6*x**2 + 3*x + 1. Let w(s) = 2*f(s) - 3*v(s). Calculate the remainder when w(-6) is divided by 3.
2
Suppose 33*a + 12480 = 93*a. What is the remainder when a is divided by 35?
33
Let a = -6 + 10. Suppose 7*c - 165 = -a. What is the remainder when c is divided by (18/(-15))/(2 - (-86)/(-40))?
7
Suppose 2*b - 8 = -3*f, 11 - 69 = -5*b + 2*f. Calculate the remainder when 22 is divided by b.
2
Suppose 0 = 79*t - 76*t - 9. Let k(n) = 2*n**2 + 2*n. Let y = 4 - 6. What is the remainder when k(y) is divided by t?
1
Suppose -4*a + c = -196, 2*c = 5*a + c - 245. Calculate the remainder when a is divided by 19